culate the highest common divisor of 11532 and 416268.
372
What is the greatest common factor of 176755 and 46?
23
What is the greatest common factor of 10914 and 1428?
102
Calculate the greatest common divisor of 2632 and 471457.
329
What is the highest common divisor of 753210 and 90?
90
What is the highest common factor of 77 and 313588?
11
Calculate the highest common factor of 1338639 and 717.
717
What is the greatest common divisor of 638 and 6479?
11
What is the greatest common factor of 76 and 262352?
76
What is the greatest common factor of 81 and 21720312?
81
Calculate the greatest common factor of 200644 and 7416.
412
Calculate the greatest common factor of 3 and 2865.
3
What is the highest common factor of 28 and 30016?
28
Calculate the greatest common factor of 1140932 and 888.
148
Calculate the greatest common factor of 21 and 102291.
21
Calculate the highest common factor of 700 and 80200.
100
What is the highest common divisor of 2331971 and 227?
227
What is the highest common factor of 170 and 384166?
34
Calculate the highest common factor of 132922 and 82.
82
What is the highest common divisor of 146324 and 1570?
314
What is the highest common factor of 4319 and 217?
7
What is the highest common divisor of 1936 and 389862?
242
What is the highest common factor of 1925 and 8750?
175
What is the highest common divisor of 5221 and 1288?
23
What is the greatest common factor of 33777 and 33291?
243
What is the highest common divisor of 3024 and 189?
189
What is the greatest common divisor of 450 and 65850?
150
Calculate the highest common factor of 25636 and 194480.
884
Calculate the highest common divisor of 93 and 179583.
93
Calculate the greatest common divisor of 4968 and 529230.
138
What is the highest common factor of 151264 and 24124?
652
What is the highest common factor of 7644 and 624?
156
Calculate the highest common factor of 100 and 7236700.
100
What is the greatest common divisor of 1539 and 7125?
57
Calculate the highest common divisor of 1769 and 1647.
61
Calculate the highest common divisor of 2730 and 10530.
390
Calculate the highest common divisor of 54805 and 40255.
485
What is the greatest common factor of 21 and 1127?
7
What is the greatest common factor of 1188 and 1122?
66
Calculate the highest common divisor of 100283 and 578.
289
What is the greatest common divisor of 17782 and 442?
34
What is the highest common factor of 4480 and 4690?
70
What is the highest common divisor of 610 and 827465?
305
What is the greatest common factor of 11462 and 2838?
22
Calculate the highest common divisor of 6 and 1555266.
6
What is the greatest common factor of 48 and 957664?
16
Calculate the highest common factor of 229874 and 306.
34
What is the greatest common factor of 184 and 79718?
46
Calculate the highest common divisor of 29925 and 1975.
25
Calculate the highest common divisor of 708581 and 1503.
167
Calculate the greatest common factor of 816 and 23018.
34
What is the greatest common divisor of 69 and 145797?
69
Calculate the highest common divisor of 54 and 158706.
54
Calculate the greatest common factor of 7794 and 3609.
9
What is the greatest common divisor of 283253 and 573?
191
What is the highest common factor of 148327 and 23?
23
Calculate the highest common factor of 810 and 9510.
30
What is the highest common divisor of 220 and 1003090?
110
Calculate the highest common divisor of 48 and 15840.
48
Calculate the highest common divisor of 1068 and 276.
12
Calculate the greatest common divisor of 39 and 2991.
3
What is the greatest common factor of 14 and 609476?
14
Calculate the highest common factor of 58091 and 33.
11
What is the highest common divisor of 203473 and 34?
17
Calculate the greatest common factor of 10614 and 377.
29
Calculate the greatest common divisor of 14229 and 372.
93
Calculate the highest common factor of 54 and 38790.
18
What is the highest common divisor of 70253 and 32111?
163
Calculate the highest common factor of 561 and 31518.
51
What is the highest common divisor of 2620 and 1460650?
1310
Calculate the greatest common factor of 30 and 28590.
30
What is the highest common divisor of 186 and 11024778?
186
What is the highest common divisor of 240 and 1165125?
15
What is the highest common divisor of 889 and 862838?
127
What is the greatest common divisor of 35500 and 25205?
355
Calculate the greatest common divisor of 110 and 181885.
55
What is the greatest common factor of 1050 and 7938?
42
What is the highest common divisor of 89842 and 522?
58
What is the greatest common divisor of 174 and 402?
6
Calculate the highest common factor of 1881 and 26676.
171
What is the greatest common divisor of 250 and 459125?
125
Calculate the highest common divisor of 4482020 and 20.
20
Calculate the highest common factor of 64 and 33856.
64
What is the highest common factor of 1219842 and 72?
18
Calculate the greatest common factor of 7831 and 49692.
41
Calculate the highest common divisor of 1 and 16487.
1
What is the highest common divisor of 441 and 33?
3
Calculate the highest common factor of 10390 and 4.
2
What is the highest common factor of 1346 and 8720061?
673
Calculate the highest common factor of 195 and 100763.
13
Calculate the highest common factor of 118 and 146674.
118
What is the highest common divisor of 4288 and 64?
64
What is the greatest common factor of 624 and 7332?
156
Calculate the greatest common factor of 227166 and 6.
6
Calculate the highest common factor of 112 and 5936.
112
Calculate the greatest common factor of 29 and 3109.
1
Calculate the greatest common factor of 290 and 66758.
58
Calculate the greatest common divisor of 275 and 12925.
275
Calculate the greatest common divisor of 1992 and 421557.
249
Calculate the highest common divisor of 5010 and 785067.
501
What is the highest common divisor of 1632 and 17034?
102
Calculate the highest common divisor of 116 and 8961.
29
Calculate the highest common factor of 15 and 10445.
5
What is the greatest common divisor of 8 and 7108?
4
Calculate the highest common factor of 192 and 3111.
3
What is the highest common factor of 96340 and 20?
20
Calculate the highest common divisor of 35838 and 2970.
198
What is the highest common divisor of 8 and 567832?
8
What is the greatest common factor of 97691 and 24651?
913
What is the greatest common divisor of 1850492 and 84?
28
What is the greatest common factor of 17239264 and 64?
32
What is the highest common factor of 78855 and 1960?
35
What is the greatest common divisor of 72 and 14562?
18
What is the greatest common factor of 4005 and 3560?
445
What is the highest common divisor of 2090 and 2860?
110
What is the greatest common divisor of 30 and 42830?
10
What is the greatest common factor of 28987 and 205?
41
Calculate the greatest common divisor of 106 and 17038122.
106
What is the greatest common factor of 11079 and 27?
9
Calculate the greatest common factor of 1971 and 438.
219
What is the greatest common factor of 994 and 188?
2
Calculate the highest common divisor of 63 and 566109.
9
Calculate the highest common factor of 512388 and 13932.
1548
What is the greatest common divisor of 1079096 and 16?
8
What is the highest common divisor of 4563 and 70551?
351
Calculate the greatest common factor of 24024 and 52800.
264
Calculate the highest common divisor of 100 and 261700.
100
Calculate the highest common divisor of 20790 and 5715.
45
What is the greatest common divisor of 24 and 2156556?
12
Calculate the greatest common divisor of 453 and 24.
3
Calculate the highest common factor of 1275 and 3824575.
425
What is the greatest common factor of 16 and 42824?
8
What is the greatest common factor of 16 and 10832?
16
Calculate the greatest common divisor of 73 and 2019691.
73
What is the highest common factor of 54343 and 1395?
31
Calculate the greatest common factor of 2748 and 384.
12
Calculate the greatest common divisor of 2581 and 2136.
89
Calculate the highest common factor of 5200 and 1070160.
1040
What is the greatest common factor of 2175 and 61825?
25
Calculate the greatest common factor of 1411589 and 41.
41
Calculate the greatest common factor of 624 and 3549.
39
Calculate the highest common divisor of 119238 and 9282.
714
Calculate the highest common